*2 - 7*a - 17. Give f(5).
-27
Let j(b) = -7*b - 9. Give j(-4).
19
Let o(c) = 4*c - 2. What is o(1)?
2
Let i(d) = 2*d**2 - 2*d - 31. Determine i(5).
9
Let i(k) = 2*k**2 - 105*k + 59. Give i(52).
7
Let y(v) = 5*v + 8. Give y(-4).
-12
Let i(s) = s**3 - 5*s**2 + s + 5. Calculate i(5).
10
Let a(t) = -10*t + 71. What is a(8)?
-9
Let s(l) = 3*l**2 - 18*l - 6. Give s(5).
-21
Let h(x) = -7*x + 70. Calculate h(10).
0
Let r(n) = n**2 - 24*n - 16. Calculate r(24).
-16
Let x(h) = -h**2 - 20*h - 51. Determine x(-17).
0
Let l(r) = -2*r**3 + 11*r**2 - 13*r + 23. Calculate l(5).
-17
Let b(o) = o**2 + 47*o - 88. What is b(-49)?
10
Let u(l) = l**3 + 7*l**2 - 17*l + 16. Give u(-9).
7
Let v(g) = -3*g**2 - 8*g - 3. Calculate v(-5).
-38
Let d(i) = 3*i + 2. What is d(-16)?
-46
Let t(m) = m + 22. Give t(-22).
0
Let c(v) = -v**3 + 5*v**2 + 3*v - 1. Determine c(5).
14
Let g(h) = 7*h - 13. What is g(3)?
8
Let a(s) = s**3 - 7*s**2 + 9*s - 9. Give a(6).
9
Let i(s) = -5*s**2 + 175*s + 8. Calculate i(35).
8
Let p(b) = b**2 + 23*b + 36. What is p(-20)?
-24
Let s(a) = 39*a + 81. Calculate s(-2).
3
Let r(k) = -k**2 - 16*k - 13. Give r(-20).
-93
Let h(i) = 6*i - 2. What is h(3)?
16
Let o(k) = -7*k + 11. Calculate o(5).
-24
Let u(l) = -l**2 + 7*l - 7. Determine u(4).
5
Let o(r) = -r + 3. Determine o(10).
-7
Let m(o) = 4*o**3 + 19*o**2 + 9*o - 1. Give m(-4).
11
Let s(n) = -n**3 - 4*n**2 - 5*n - 4. Calculate s(-3).
2
Let c(g) = -4*g - 4. Determine c(-6).
20
Let v(q) = -18*q - 12. Give v(-6).
96
Let p(y) = -2*y**3 - 8*y**2 + 10*y + 36. Calculate p(-4).
-4
Let f(r) = 5*r - 129. Determine f(25).
-4
Let w(v) = v + 6. Calculate w(-7).
-1
Let y(h) = h**3 + 17*h**2 + 15*h + 23. What is y(-16)?
39
Let k(a) = 14*a + 163. What is k(-11)?
9
Let i(z) = -2*z**3 + 2*z**2 + z. Determine i(2).
-6
Let s(i) = -i**3 + i**2 + 5*i + 1. What is s(-2)?
3
Let h(k) = k + 10. What is h(-7)?
3
Let v(t) = -t**3 + 3*t**2 - 5*t - 4. Determine v(4).
-40
Let s(v) = 20*v - 4. Calculate s(3).
56
Let l(w) = -2*w**2 - 3*w + 3. Calculate l(-6).
-51
Let v(r) = 2*r**2 - 2*r - 12. Determine v(-5).
48
Let j(y) = y**3 - 5*y**2 + y + 17. Give j(5).
22
Let l(i) = 4*i - 9. Determine l(13).
43
Let q(x) = 6*x - 4. Determine q(3).
14
Let c(f) = -4*f - 10. What is c(-3)?
2
Let b(g) = -9*g - 120. Determine b(-14).
6
Let r(c) = c**2 - 20*c - 197. Determine r(27).
-8
Let v(p) = 24*p - 1. Give v(-1).
-25
Let w(q) = 3*q + 85. Determine w(-26).
7
Let w(g) = -5*g + 94. Give w(18).
4
Let c(a) = a**3 + 6*a**2 - 5*a + 4. Calculate c(-7).
-10
Let a(p) = p**2 - 34. Give a(0).
-34
Let w(u) = 2*u**3 - 2*u**2 + u + 1. What is w(2)?
11
Let r(u) = 19*u + 3. Calculate r(0).
3
Let g(d) = 4*d**2 + 31*d + 13. Calculate g(-8).
21
Let j(v) = -v**3 - 5*v**2 - 5*v - 9. Calculate j(-4).
-5
Let r(t) = 3*t**2 + 6*t - 1. Determine r(-5).
44
Let j(c) = -c**3 - 6*c**2 + 8*c - 4. Give j(-7).
-11
Let r(n) = n**3 + 24*n**2 + 43*n - 17. Determine r(-22).
5
Let y(w) = 2*w**2 + 3*w - 12. Calculate y(2).
2
Let j(a) = -5*a**2 - 2*a - 1. What is j(-1)?
-4
Let z(i) = i**3 + 15*i**2 + 4*i + 52. Give z(-15).
-8
Let k(v) = -v**3 - 13*v**2 + 19*v + 17. Give k(-14).
-53
Let h(d) = 15*d - 80. What is h(4)?
-20
Let t(c) = c + 17. Calculate t(-28).
-11
Let r(c) = c**3 - 12*c**2 + 8*c + 7. Determine r(11).
-26
Let i(y) = 2*y + 14. Give i(7).
28
Let t(j) = -j**3 + 6*j**2 + 2*j + 9. What is t(6)?
21
Let x(n) = n**3 + 9*n**2 - 21. What is x(-9)?
-21
Let y(a) = 2*a**3 - 6*a. Determine y(2).
4
Let g(r) = -r**3 - 9*r**2 + r + 21. Calculate g(-9).
12
Let z(x) = -x**2 - x - 12. Determine z(0).
-12
Let v(l) = -5*l**2 - 3*l + 5. Give v(0).
5
Let y(o) = -146*o**3 - 4*o - 3. Calculate y(-1).
147
Let y(v) = v**2 - 11*v + 17. Give y(5).
-13
Let p(m) = -6*m - 46. Calculate p(-6).
-10
Let j(c) = 9*c - 120. Give j(13).
-3
Let k(x) = -2*x**3 + 10*x**2 - 6*x - 9. Determine k(5).
-39
Let m(t) = -2*t**2 + 7*t - 4. What is m(5)?
-19
Let l(z) = -z**3 + 2*z**2 + 2*z + 49. What is l(0)?
49
Let w(x) = -4*x + 47. Determine w(16).
-17
Let m(i) = i**2 + i - 12. Calculate m(-5).
8
Let f(k) = 52*k + 12. Give f(3).
168
Let o(z) = 7*z + 89. Determine o(-18).
-37
Let n(g) = -g**3 - 5*g**2 - 3*g + 3. Determine n(-4).
-1
Let v(x) = x**2 - 13*x - 6. Give v(14).
8
Let s(l) = 5*l**2 - 198*l - 71. Determine s(40).
9
Let w(t) = t**2 - 17*t + 25. Determine w(15).
-5
Let l(s) = s**2 - s - 1. Calculate l(1).
-1
Let v(o) = -o**2 - 21. Determine v(9).
-102
Let z(m) = m**3 + 13*m**2 + 4. Give z(-13).
4
Let t(m) = 7*m**2 - 13*m + 16. Determine t(2).
18
Let y(c) = -c**2 + 15*c - 49. What is y(11)?
-5
Let f(a) = -a**3 + a**2 + 3. Determine f(2).
-1
Let r(o) = -o - 1. Give r(2).
-3
Let x(s) = -2*s + 35. Determine x(20).
-5
Let a(o) = -3*o**2 - 18*o + 8. Give a(-8).
-40
Let m(v) = 2*v - 13. Determine m(-6).
-25
Let c(m) = -5*m + 50. Give c(11).
-5
Let s(q) = q - 9. What is s(14)?
5
Let m(r) = -7*r - 6. Calculate m(-2).
8
Let s(o) = o**2 - 107*o - 798. What is s(-7)?
0
Let t(h) = h**3 + 9*h**2 - 12*h - 14. Give t(-10).
6
Let r(a) = -5*a + 18. Give r(13).
-47
Let b(q) = 7*q - 7. Give b(-6).
-49
Let g(t) = t - 24. Determine g(-7).
-31
Let o(n) = 3*n**2 - 2*n + 4. Give o(-3).
37
Let p(c) = c**2 + 5*c - 10. Give p(-7).
4
Let z(g) = 2*g**2 - 15*g + 36. Give z(3).
9
Let p(t) = 6*t + 2. Calculate p(-1).
-4
Let a(f) = f**2 - 8*f - 5. What is a(7)?
-12
Let q(v) = v**3 - 7. What is q(0)?
-7
Let n(k) = k**2 + 6*k + 6. Calculate n(-4).
-2
Let k(a) = -a**3 - 4*a**2 + 6*a - 6. Calculate k(-5).
-11
Let w(i) = -i**3 - 6*i**2 - i - 1. What is w(-3)?
-25
Let p(r) = -2*r**3 + 60*r**2 - 160*r - 53. Calculate p(27).
1
Let m(q) = 3*q - 4. Determine m(2).
2
Let s(x) = x**3 + 5*x**2 - 9*x - 9. What is s(-6)?
9
Let u(p) = p**2 + 34*p + 30. Calculate u(-33).
-3
Let x(b) = -b**2 + 8*b + 2. Determine x(8).
2
Let j(k) = -k**3 - 10*k**2 - 11*k - 12. Give j(-9).
6
Let q(b) = -b + 35. Determine q(8).
27
Let g(w) = w**3 + 7*w**2 - 9*w - 4. What is g(-8)?
4
Let k(m) = -m**2 - 6*m - 1. Give k(-9).
-28
Let u(b) = b**3 + 8*b**2 + 2*b + 10. Determine u(-8).
-6
Let m(a) = 9*a - 2. What is m(1)?
7
Let b(r) = r**3 + 6*r**2 + 2*r - 3. Determine b(-6).
-15
Let c(f) = -4*f**2 + 2*f - 2. Give c(3).
-32
Let n(r) = -4*r + 59. Determine n(16).
-5
Let w(t) = t**3 - 8*t**2 - t + 6. Determine w(8).
-2
Let c(q) = q**2 - 121*q + 904. Give c(8).
0
Let w(p) = -16*p - 4. Give w(-2).
28
Let x(q) = -q**3 + 10*q**2 + 15*q + 5. Determine x(11).
49
Let d(y) = -y + 3. Calculate d(4).
-1
Let s(t) = -t**3 - 17*t**2 - 15*t + 17. Give s(-16).
1
Let z(l) = 4*l + 2. What is z(-3)?
-10
Let i(h) = 7*h + 1. What is i(1)?
8
Let v(q) = -33*q + 8. What is v(-1)?
41
Let f(x) = -x**3 + 11*x**2 - 14*x + 33. What is f(10)?
-7
Let r(g) = 19*g**2 - 10*g + 2. Calculate r(-3).
203
Let g(k) = -8*k - 50. What is g(0)?
-50
Let f(n) = 2*n**2 - 7*n + 11. Calculate f(6).
41
Let n(t) = 5*t - 63. Determine n(14).
7
Let v(p) = -3*p**3 - 2*p**2 + 9*p - 5. Give v(3).
-77
Let f(v) = -v**2 + 83. Give f(9).
2
Let a(y) = y**2 - 15*y - 23. Give a(16).
-7
Let n(s) = -s**2 - 7*s + 2. Give n(-6).
8
Let l(p) = -p - 35. What is l(-21)?
-14
Let p(v) = v**3 + 11*v**2 + 11*v + 2. Give p(-8).
106
Let w(s) = -s**3 + 15*s**2 - 15*s + 6. What is w(14)?
-8
Let l(t) = -t**3 - 19*t**2 - t - 13. Give l(-19).
6
Let m(w) = w**2 + 24*w - 38. Determine m(-26).
14
Let k(f) = -f**3 + 5*f**2 + 7*f - 5. Calculate k(6).
1
Let l(z) = -z**3 - 14*z**2 - 42*z + 9. Calculate l(-11).
108
Let n(d) = -d**2 + d + 8. Calculate n(5).
-12
Let w(y) = -4*y**3 + 4*y**2 - 12*y + 17. Give w(2).
-23
Let q(a) = -a**3 + 6*a**2 - 4*a - 2. Determine q(5).
3
Let y(u) = 45*u**2 + u + 2. Determine y(-1).
46
Let o(v) = -57*v - 279. Calculate o(-5).
6
Let k(l) = -l**2 - 38*l + 740. What is k(14)?
12
Let h(a) = 12*a + 1. Give h(1).
13
Let s(x) = x. Give s(-4).
-4
Let a(o) = o - 12. What is a(9)?
-3
Let v(d) = 4*d - 22. Determine v(7).
6
Let f(g) = -2*g**3 + 17*g**2 + 7*g + 9. Give f(9).
-9
Let k(y) = y**3 - 3*y**2 - 9*y + 16. What is k(4)?
-4
Let j(p) = -p**3 + 22*p**2 - 13*p + 4. Determine j(21).
172
Let l(p) = -p**3 - 12*p**2 - 10*p - 1. What is l(-11)?
-12
Let c(w) = w**2 - 18*w + 26. Give c(12).
-46
Let i(t) = -9*t**3 + 5*t**2 + 7*t + 4. Give i(-1).
11
Let o(g) = g**3 + 3*g**2 - 4*g - 1. What is o(-4)?
-1
Let s(g) = g - 5. Calculate s(4).
-1
Let j(g) = g**2 + 7*g + 10. 